y(c) = 1058*c + 102. Let z be y(6). Suppose z = 12*b - 1122. What is the units digit of b?
1
Let y(p) be the third derivative of 57*p**4/8 + 17*p**3/2 + 2*p**2 + 2*p. What is the hundreds digit of y(5)?
9
Suppose 4*a = 3*w + 803, 4*w - w + 787 = -4*a. Let c = w - -433. What is the tens digit of c?
6
Suppose -4*x + 56600 = 4*q, 0 = 2*x - 4*q - 4861 - 23445. What is the units digit of x?
1
Suppose 0 = -d - 4*v + 824, 3*v - 3257 = 6*d - 10*d. Let n = 1225 - d. What is the hundreds digit of n?
4
What is the units digit of 36688/10 - -4 - 32/40?
2
Let x be 4/38 + 418572/342. Let y = 1918 - x. What is the tens digit of y?
9
Let h be 16 + -576 + (-6)/1. Let q = -196 - h. What is the hundreds digit of q?
3
Let f(b) = 2*b - 46. Let r be f(17). Let s be ((-36)/(-24))/(0 - 1/50). Let g = r - s. What is the units digit of g?
3
Suppose -2*w = -6, 2*a + 0 = 3*w - 11. Let y be a*(-15)/(-25) + (-968)/(-5). Suppose 0 = -m + 31 + y. What is the hundreds digit of m?
2
Suppose -265*w + 167586 = -248*w. What is the units digit of w?
8
Let n(i) be the first derivative of -7*i**2 - 80*i - 186. What is the units digit of n(-8)?
2
Suppose -162*h + 6584540 = -2813571 - 1924393. What is the thousands digit of h?
9
What is the tens digit of (1826610/(-210))/(22/(-154))?
8
Let g(n) = -n**3 - 8*n**2 + n - 12. Let i be g(-9). Let b = -56 + i. Suppose -d + 3*d = -c + 85, b*c - d = 376. What is the units digit of c?
3
Suppose 0 = k + h - 9301, -28*k + 29*k - 2*h - 9286 = 0. What is the tens digit of k?
9
What is the units digit of 50068/20 + (-119)/85?
2
Let v = -71 + 110. Let h = -1 + v. What is the units digit of h?
8
Let j = 232 - 144. Suppose 2*n + 314 = 324. What is the tens digit of (j/60*n)/(1/6)?
4
Let v(h) = -3*h**3 + 4*h**2 + h - 3. Let k be v(-1). Suppose -8*f - z = -k*f - 1580, -936 = -3*f - 3*z. What is the units digit of f?
7
Let p(i) = -2*i + 6576. What is the tens digit of p(0)?
7
What is the hundreds digit of 1/(-5) + 3470856/680?
1
Let g = 13 + -8. Let t = 1820 - 1820. Suppose t = r + g*k - 2*k - 37, -3*r - k + 71 = 0. What is the units digit of r?
2
Suppose 37 = -5*l + 887. Suppose 3*g = 2*c - 51, 41 = -4*c - 3*g + l. What is the tens digit of c?
3
Let b(u) = u**2 + 40*u + 14. Let k be b(-40). Let w = 293 - k. What is the hundreds digit of w?
2
Let w(d) = 21*d**2 + 1. Let t be w(2). Let f = -82 + t. Suppose -31 + 1 = -f*i. What is the tens digit of i?
1
What is the thousands digit of (12/(-28) - 37/(-21))/((-10)/(-141675))?
8
Let o = -33460 + 50278. Suppose 42*h = o - 2034. What is the tens digit of h?
5
Suppose -5*k + 3*b + 7036 = 0, 4*k = 4*b + 5386 + 238. Let z = k + -1000. What is the tens digit of z?
0
Let m(w) = -6*w**2 - 8*w + 17. Let f be m(5). Let r = f + 360. What is the units digit of r?
7
Let f = 17416 - 11484. What is the units digit of f?
2
Suppose 0 = -c + 13 - 10. Suppose -r + c*o = -12, 3*r + o = 5*r - 4. Suppose r = 5*m + m - 1134. What is the units digit of m?
9
Suppose -l - 18031 = -4*s, -2*s + 9*l + 9012 = 5*l. What is the thousands digit of s?
4
Let z(h) = -437*h - 181. Let v be z(5). Let d = -1499 - v. What is the tens digit of d?
6
Let g = 3 + 9. Let w = g - 12. What is the units digit of (1/(-2) - w)/((-5)/60)?
6
Let n(o) = o**3 + 2*o**2 + 3*o + 80. Suppose 15*z = 16*z. What is the units digit of n(z)?
0
Let t = 103845 - 69058. What is the tens digit of t?
8
Suppose 27 = -7*k + 10*k. What is the units digit of 736 - 1*k/3?
3
Suppose -34*s = -1912 - 49088. Let c = s + -4. What is the hundreds digit of c?
4
Let d(g) = g**3 + 10*g**2 - 13*g + 4. Let p(j) = 12*j**3 + 2*j**2 + 2*j + 1. Let n(f) = -f - 7. Let k be n(-6). Let u be p(k). What is the tens digit of d(u)?
2
Let h(x) = x**3 + 8*x**2 + 4*x - 9. Let b be h(-7). Suppose -b = 2*o - 8*o. Suppose o*p = -2*p + 3*s + 672, -s = 5*p - 859. What is the tens digit of p?
7
Let w be 4 - 4/2 - -60. Suppose -30124 = w*b - 79*b. What is the hundreds digit of b?
7
Let t = 732 - 406. Let w = t - 200. What is the tens digit of w?
2
Let j be (-15)/3 - -3*(-9)/(-3). Suppose 4*s - 567 + 2355 = j*i, -5*s - 1333 = -3*i. What is the tens digit of i?
5
What is the hundreds digit of (-1)/7 + (-14)/(-49)*-3 + 36487?
4
Suppose -6 = -5*z + 3*d, -3*d = -2*z + 2*d - 9. Suppose 2*b - 3*v + 8 = 0, -b + z*b + 4*v = 20. What is the units digit of b/(-5) + (-1099)/(-35)?
1
Let b = 12278 + -5886. What is the tens digit of b?
9
Suppose -28*d + 234 = -15*d. What is the thousands digit of (-6)/4 - 63/d*-411?
1
Suppose -b + 3 = -p, -69*b + 64*b + 4*p = -17. Suppose 4*x - 4*c + 874 = 5*x, 0 = -c - b. What is the tens digit of x?
9
Suppose -3*l = 5*i - 65, 2*l + 0*l + 2*i = 38. Let c = l - 6. What is the tens digit of (-435)/c*-1 - (-6)/9?
4
Suppose -q + 4 = 29. What is the units digit of 1*-10*10/q*61?
4
Suppose -1087 = -3*g + 35. What is the units digit of g?
4
Let d(r) = -21*r**3 - 12*r**2 - 42*r - 15. What is the units digit of d(-3)?
0
Let b be (0 - -122)/((-1)/(3/(-6))). Suppose 63 = -2*k + b. What is the tens digit of k/(1/(-101)) + 32 + -34?
9
Suppose 21 = -5*f + 4*k - 38, 0 = 2*f + 4*k + 46. Let s be (-1113)/(-15) - 12/(-15). Let o = f + s. What is the units digit of o?
0
Let a(y) = 66*y + 105. Suppose -20*h = -12*h - 48. What is the hundreds digit of a(h)?
5
Suppose 2*s + 0*s + 5*l + 291 = 0, -318 = 2*s - 4*l. Let n = -91 - s. Suppose 0 = 2*p - k - 3*k - 26, -4*p = 2*k - n. What is the tens digit of p?
1
Suppose -199 = -3*b - 694. Let r = b + 205. What is the tens digit of r?
4
Let q(a) be the second derivative of 7*a**4/12 + a**3/3 - 5*a**2 - 32*a - 1. What is the units digit of q(5)?
5
Suppose -5633894 = -93*m + 40*m - 50*m. What is the hundreds digit of m?
6
Let a(l) be the second derivative of -l**5/20 + 5*l**4/12 + 7*l**3/6 - 7*l**2/2 + l. Let i = 3 + 2. What is the tens digit of a(i)?
2
Let u be 6000/14 - 4/7. Suppose l = -2*c + u, -3*l + 6*l + 200 = c. Suppose -32*x - c = -34*x. What is the units digit of x?
6
Let c be ((-18)/(-3))/(-2)*-509. Suppose 9*k - 13*k = 4*y - 1548, 0 = 4*k - 3*y - c. What is the tens digit of k?
8
Let r(c) = -c**3 - 6*c**2 - 3. Let b be r(-5). Let k = 22 + b. What is the tens digit of (k - -99)*(-2)/(-1)?
8
Let c = -34 - -88. Suppose 13*j - c = 7*j. Suppose -9*o + 873 - j = 0. What is the tens digit of o?
9
Suppose -107*t + 142052 = -77298. What is the thousands digit of t?
2
Let n = 294 + -108. Suppose 0 = 2*t - n - 0. What is the tens digit of t?
9
Let i be (-1)/((-65)/15 - -4). Let z be -8*((-9)/2)/i. Let u = -9 + z. What is the units digit of u?
3
Let h(m) = 80*m + 27 + 23*m**2 + 101*m**2 - 36*m - 33*m. What is the units digit of h(-2)?
1
Suppose -2*g - 3*n = -20789, -14*n = -11*n - 9. What is the units digit of g?
0
Let l(o) = o**2 - o + 12. Let q(p) = 16*p**3 - 2*p**2 + 1. Let k be q(-1). Let y be l(k). What is the units digit of (0/(-3) + -6)/((-12)/y)?
9
Let m(c) = c**3 - 22*c**2 - 16*c + 1099. What is the hundreds digit of m(28)?
3
Let i(h) = -42*h**3 + 34*h**2 + 36*h + 13. What is the hundreds digit of i(-9)?
0
Let s(v) = v**3 + 32*v**2 - 34*v - 29. Let a be s(-33). Suppose a*r - 279 - 3101 = 0. What is the hundreds digit of r?
8
Let y(k) = -2*k - 16. Let w = -94 - -85. Let j be y(w). Suppose -j*z - 92 = -3*o, -2*z + 66 + 22 = 3*o. What is the tens digit of o?
3
Let i be 119/(-68) + (-1)/4. What is the hundreds digit of 514*((-6)/4 - i)?
2
What is the hundreds digit of (-1*(-8868)/(-5))/(836/(-2090))?
4
Let w(t) = 388*t**2 + t. Let d be w(1). Suppose -l + 793 = 4*s, -4*s - 3*l + 808 = l. Suppose -3*q = -2*j + s, -2*j = 2*j - q - d. What is the units digit of j?
7
Suppose 723*j = 601*j + 3909246. What is the hundreds digit of j?
0
What is the thousands digit of (-78711)/((-36)/(-8) - 6)?
2
Let o(u) = 4*u**2 - 12*u - 609. What is the units digit of o(48)?
1
Let r be ((-10)/(-5))/((-10)/(-700)). Let t = 207 + r. What is the units digit of t?
7
Let c be 2 - 0/(-2 + -4). Suppose -c*j = -2*x - 116, -2*j - 2*j + 5*x + 229 = 0. What is the tens digit of j?
6
Let l(n) = 12*n**2 + 82*n + 30. Let x be l(15). Suppose -u = -3*d + 507 + 1868, -5*d + x = -2*u. What is the hundreds digit of d?
7
Suppose 2*d = 2*f + 4, -5*d = -f - 3*f - 5. Let z(i) = -9*i**3 + 6*i**2 - 4*i + 2. What is the units digit of z(f)?
7
What is the thousands digit of (-1871389)/(-234)*6 - ((-4)/(-3) + -1)